4. Calculate the remainder when d is divided by c.
15
Let h be ((-1)/2)/(3/(-96)). Let k = h + -5. What is the remainder when 32 is divided by k?
10
Suppose -5*t = -0*s + 3*s - 57, 0 = 2*t - s - 14. Let l(n) = -14*n**2 - 3*n. Let f be l(-2). Let o = -24 - f. Calculate the remainder when o is divided by t.
8
Let m(k) = 34*k - 3. Let f be m(2). Suppose 3*b + 2*w = f, -2*b - w + 75 = -6*w. Calculate the remainder when b is divided by 13.
12
Let p(g) = -4*g + 6*g**2 + 4*g - g - 2. What is the remainder when p(2) is divided by -11*(2 - -1)/(-3)?
9
Suppose -b = -1 + 3. Let h = -5 - b. What is the remainder when (h/(-9))/((-2)/(-138)) is divided by 8?
7
Suppose g + 130 = 2*b - 457, 3*b = 4*g + 878. What is the remainder when b is divided by 27?
24
Let k = 24 - 9. Let d = 0 + k. Suppose d + 16 = u. Calculate the remainder when u is divided by 11.
9
What is the remainder when 8*(5 + 9 + (0 - 0)) is divided by 19?
17
Suppose 9*l + 172 - 1351 = 0. What is the remainder when l is divided by 33?
32
Let p(i) = -3*i - 13. Calculate the remainder when 99 is divided by p(-11).
19
Let b be 33/(-6) - 1/2. Let u = b - -19. What is the remainder when 49 is divided by u?
10
Suppose w = -1 + 2. Suppose w = r - 2. What is the remainder when 10 is divided by r?
1
Let s = 96 + 31. Calculate the remainder when s is divided by 26.
23
Let h(j) = 7*j + 56. Calculate the remainder when h(-5) is divided by 8.
5
Suppose 0*y = y - 2*o - 22, 0 = 4*y - 4*o - 80. Let m = 31 - y. Let x(n) = 18*n. Calculate the remainder when x(2) is divided by m.
10
Let v = -83 + 125. What is the remainder when 167 is divided by v?
41
Let w(v) = -v**2 + 12*v + 3. Calculate the remainder when w(10) is divided by 12.
11
Let w(q) = q**3 - 6*q**2 + 5*q + 5. Let m(k) = -5*k + 4 + 2*k**2 + k**2 - 3 - 4*k**2. Let d be m(-4). Calculate the remainder when 13 is divided by w(d).
3
What is the remainder when 29 is divided by 3 + 10/(-6)*-3?
5
Let i(h) = -h - 2. Let c be i(-3). Calculate the remainder when 36 is divided by 17 + 5 + (-2 - c).
17
Let o be (-2)/(-2)*(1 + 6). Let h = o + 1. Calculate the remainder when h is divided by 3.
2
Let f = 13 + -18. Let c be 5*(1/f - -1). Suppose 4*l - 32 = -2*y + 4, c*y = -4*l + 88. Calculate the remainder when y is divided by 9.
8
Suppose 5 = 5*t - 0. Let g(p) = -p**2 - p + 1. Let m(i) = -12*i**2 + 4*i - 3. Let s(y) = -3*g(y) - m(y). Calculate the remainder when s(t) is divided by 8.
6
Suppose -218 = -4*h - x + 3*x, 5 = x. What is the remainder when h is divided by 20?
17
Suppose 5*i = 4*i + 13. What is the remainder when i is divided by 3?
1
Let u(i) = i**3 - 7*i**2 + 15*i + 3. What is the remainder when u(7) is divided by 22?
20
Let p = 42 + 8. Calculate the remainder when p is divided by 13.
11
Let f(g) = -g**3 + 5*g**2 + 3*g - 5. Let b be -1*(-3 - (0 - -1)). Calculate the remainder when 67 is divided by f(b).
21
Let p(q) = -2*q**3 + q**2 + q. Suppose 2 = 3*k + 5. Calculate the remainder when 5 is divided by p(k).
1
Let s = 1 - 1. What is the remainder when 58*1 + s + 3 is divided by 21?
19
Let i(s) = 3*s + 11. What is the remainder when 68 is divided by i(4)?
22
Suppose 25 + 5 = 2*b. Let c(q) = -2*q - 6. Let f be c(-4). Suppose 4*y = -5*g + 82 + 59, -f*g - 5*y = -53. What is the remainder when g is divided by b?
14
Let n(p) = 3*p + 1. Let y be n(2). Suppose -2*q = -y*q + 45. Let i(t) = 3*t**2 + 6*t + 10. What is the remainder when i(-4) is divided by q?
7
Calculate the remainder when 81 is divided by -1*(10 - 3)*-3.
18
What is the remainder when ((-3)/(-2))/(8/288) is divided by 11?
10
Calculate the remainder when 58 + 1 + -2 + -1 is divided by (5 - 6)/(1/38*-2).
18
Let h(q) = 3*q**3 - 18*q**2 + 11*q - 11. Let r(d) = -d**3 + 6*d**2 - 4*d + 4. Let o(w) = -6*h(w) - 17*r(w). Calculate the remainder when o(6) is divided by 4.
2
Suppose 3*g = -2*v + 29, 2*g + 2*v = 3*g + 1. Suppose -2*p = 4*t - 12, 2*t - 2*p - 2 = 10. Calculate the remainder when g is divided by t.
3
Suppose 3*j - 61 = -k + j, 2*k - 3*j - 115 = 0. Suppose 10 = 5*p - 65. Calculate the remainder when k is divided by p.
14
Suppose -2*v = y + 3*v - 16, -4*v = -2*y + 18. Calculate the remainder when y is divided by 6.
5
Let r(v) = -v**3 + 9*v**2 - 7*v + 4. Let c be r(4). Let w = 5 + 0. Suppose w*x - c = x. Calculate the remainder when x is divided by 5.
4
Suppose 5*c = -3*s + 13, -s = -3*s - 8. Suppose 5*q = -0*z - z + 184, c*z = -5. What is the remainder when q is divided by (26/(-10))/(2/(-10))?
11
Let d = -141 + 208. Calculate the remainder when d is divided by (-1)/(-5) + (-114)/(-5).
21
Let k = 23 - 3. What is the remainder when k is divided by 8?
4
Let c(i) = 23*i + 1. Suppose -5*k = -4*n - 53, 6*k = 5*k + 4*n + 17. Calculate the remainder when c(1) is divided by k.
6
Suppose -11 - 14 = -5*a. Suppose 0*w = a*w - 35. Calculate the remainder when 20 is divided by w.
6
What is the remainder when 59 is divided by -2 + 13 + 4 + -3?
11
Let u(h) = 6*h + 5. Let b be u(-5). What is the remainder when b/(-10)*348/15 is divided by 20?
18
Suppose 0 = -5*i + 49 - 9. Suppose 5*y - 20 = k, -2*k - 2*y + 15 = -y. Calculate the remainder when i is divided by k.
3
Let h = -52 - -54. Let n = 4 - 1. What is the remainder when n is divided by h?
1
Let t(d) = -9*d - 4. Let s be t(-4). Let b = s + 2. What is the remainder when b is divided by 0 + (12/(-3) - -22)?
16
Let j = 1 - -81. What is the remainder when j is divided by 21?
19
Let k be (0 - 3) + (-312)/(-3). Let t = k - 42. Suppose -3*s = 4*p - 0 - t, 5*p = -3*s + 61. Calculate the remainder when s is divided by 6.
5
Calculate the remainder when -3 + (-2 - -4) - -3 is divided by 1.
0
Let b = 10 + -6. Let x(i) = i**2 - i + 9. Let k be x(0). Let c = k + b. What is the remainder when 24 is divided by c?
11
Let r(h) = h**2 + 8*h + 3. What is the remainder when 14 is divided by r(-8)?
2
Suppose -15 = -5*f + 2*f. Calculate the remainder when 11 is divided by f.
1
Let z = 1 - -14. Suppose 2*q + 159 = 5*q. Let a = q + -24. Calculate the remainder when a is divided by z.
14
Suppose 105 = 3*x - 5*i + 1, -5*i + 36 = 2*x. Calculate the remainder when x is divided by 15.
13
Let u = -15 + 23. Calculate the remainder when 1 + (2 - -22) + -1 is divided by 4/(u/6) - -6.
6
Let q(f) = -f**3 + 4*f**2 + f. Let k be q(4). Suppose 3*b + k = 19. Calculate the remainder when 8 is divided by b.
3
Let w = 313 + 117. Suppose 0*a = 2*a - w. Suppose -r + a = 4*r. Calculate the remainder when r is divided by 15.
13
Suppose 24 + 16 = 2*s. Calculate the remainder when 79 is divided by s.
19
Suppose o + 4*b = 5*b, 0 = -3*o + 4*b. Suppose o = -2*v - 6, u - 26 = 3*v. Let y = 39 - u. Calculate the remainder when y is divided by 8.
6
Let p = 23 + 76. What is the remainder when p is divided by 20?
19
Suppose 2*c + 2*c - 48 = 0. Calculate the remainder when 57 is divided by c.
9
Let f = 2 + 2. Suppose -o - f*o + 115 = 0. What is the remainder when o is divided by 6?
5
Let t = -45 - -109. Suppose -44 = -0*i - 2*i. Calculate the remainder when t is divided by i.
20
Let m = 655 - 339. Suppose m = 4*q - 4*p + 48, -q - 5*p + 61 = 0. Suppose 0 = -4*k, -q + 20 = -2*b - 2*k. Calculate the remainder when 44 is divided by b.
21
Suppose 3*m + 2*w - w = 28, w + 12 = 2*m. Calculate the remainder when m is divided by 5.
3
Suppose k = w + 7, 5*k - 11*w = -15*w - 10. What is the remainder when 16 is divided by k?
0
Suppose 0 = 4*m + 3*x + 2*x - 100, 0 = -2*m + 3*x + 28. Let a be (-1)/(-5) - (-7)/(-35). Let p(w) = -w**2 + 11. What is the remainder when m is divided by p(a)?
9
Suppose -4*h - 346 = p, -3*p - h - 114 - 957 = 0. Let j be 0 + (-2)/(-2) + -11. What is the remainder when p/j - (-1)/5 is divided by 19?
17
Let d(q) = -q**2 + 16*q - 7. Calculate the remainder when 92 is divided by d(13).
28
Suppose 0 = 3*t - 0*t - 456. What is the remainder when 73 is divided by ((-3)/6)/((-4)/t)?
16
Suppose 3*i = a + 9, -6*i = -2*i - 8. What is the remainder when 23 is divided by (1 - (a + -2)) + 2?
7
Let b(m) = -m - 5. What is the remainder when 24 is divided by b(-18)?
11
Let w = 2 + -1. Suppose 4*h - 2*j = h + 13, -2 = j. Calculate the remainder when h is divided by (2 - 1) + (w - 0).
1
Let w(g) = 2 + g**3 - g**2 + 5*g**2 - g**2. Let l be w(-3). Suppose 2*t + l - 4 = 0. Calculate the remainder when 2 is divided by t.
0
Let d(n) 